16 = 3*f - 20. Suppose q - 4*q - 4*u = -12, 4*q + 5*u = 17. What is the greatest common divisor of q and f?
8
Suppose 6 + 6 = o. Suppose -2*w + 0*w + o = 0. Let l(b) = b**3 + 6*b**2 - 9*b + 1. Let x be l(-7). Calculate the highest common divisor of w and x.
3
Suppose 0 = 2*m + 11 - 87. What is the highest common factor of 304 and m?
38
Let p(s) = 3*s + 36. Let i be p(-6). What is the greatest common factor of 144 and i?
18
Let v be (-6)/(-3) - -2*1. Let a be (v/(-2))/((-5)/135). Let x = 2 + a. Calculate the greatest common divisor of 7 and x.
7
Let m(j) = 4 - 1 + 3 - j**2 - 15*j. Let p be m(-15). Calculate the greatest common divisor of 2 and p.
2
Let v(a) = -2*a**3 + 2*a**2 + a - 2. Let i be v(-2). Let y be 78 - (3 + (-6 - -1)). What is the greatest common divisor of i and y?
20
Suppose 630 = 58*f - 49*f. What is the greatest common divisor of 20 and f?
10
Suppose -3*j = -5*g + 223, -3*g + 2*j = 73 - 207. What is the highest common factor of g and 88?
44
Suppose 0 = -11*m + 8*m + 6. What is the highest common divisor of m and 40?
2
Let x = 31 - -14. Let c be 5*2/16*-2*-4. What is the highest common divisor of x and c?
5
Let n = 17117 - 17097. Let m(y) = y**3 - y**2. Let l be m(2). Calculate the highest common factor of n and l.
4
Let b be (-4)/(-10) + (-26802)/(-45). Let z = b - 414. Calculate the highest common factor of 26 and z.
26
Let w(q) = q**3 - q**2 - 4*q + 6. Let k be w(4). Let r = -34 + k. Let s(c) = -7*c. Let p be s(-4). Calculate the highest common divisor of p and r.
4
Let r(c) = -3*c + 12. Let o(f) = -1. Let n(l) = 12*o(l) + r(l). Let z be n(-17). What is the greatest common divisor of 17 and z?
17
Suppose -k - h = -539, -4*h - 743 = -k - 179. What is the greatest common divisor of k and 34?
34
Let z(y) = y**3 - 6*y**2 - 6*y - 6. Let s be z(7). Let a be (50*s)/((-4)/(-42)*3). Calculate the highest common factor of 25 and a.
25
Let l be (0 + (-2)/(-3))/((-19)/(-3876)). Calculate the greatest common divisor of l and 17.
17
Let k be (-1 + 2)/((-43)/(-903)). Calculate the greatest common divisor of 189 and k.
21
Suppose -2*p = 11 + 13. Let w = 24 + p. Let u be (-4)/(-16) + 117/w. Calculate the greatest common factor of 60 and u.
10
Let t(p) = 5*p**2 + 3. Let x be t(3). Let j(a) = 5*a + 1. Let v be j(1). What is the greatest common divisor of x and v?
6
Let a = -31 - 56. Let m = a - -97. What is the highest common divisor of 80 and m?
10
Let x be 914/18 - (-6)/27. What is the greatest common factor of x and 15?
3
Suppose 0 = 8*g - 12*g + 24. Let r be (-2)/5*(-7 - 3). Suppose 117 = 4*l + 2*w - 3*w, -r*w - 108 = -4*l. Calculate the greatest common divisor of l and g.
6
Let r = -49 + 73. Let b be ((-2)/(-6))/((-4)/r). Let n be -3*((-15)/(-9) + b). What is the highest common factor of n and 2?
1
Let a = 29 - 22. Suppose 0 = -0*b - a*b + 833. Calculate the highest common factor of 17 and b.
17
Suppose -2*x + 257 = -27. Let a = x - 76. Calculate the greatest common factor of 6 and a.
6
Suppose -13*o - 1196 = -4342. Let i = 42 + -20. Calculate the highest common divisor of o and i.
22
Suppose -5*p - 4*g = g - 690, -2*p = 3*g - 279. What is the greatest common divisor of 15 and p?
15
Let y(j) = 2*j**2 - 59*j + 316. Let z be y(5). What is the greatest common divisor of z and 3337?
71
Let l = -32 - -61. Let t = l - -30. Suppose -t - 37 = -8*a. Calculate the greatest common divisor of 132 and a.
12
Let m be (-1)/(-4) - 156/(-16). What is the highest common factor of 210 and m?
10
Let u be 6/4*(-8)/(-6). Suppose 4*c = 5*y - 235, -u*c + c + 158 = 3*y. Suppose y = 4*b - b. What is the highest common divisor of b and 187?
17
Let r be 432/48 - ((-1 - -4) + -1). What is the highest common divisor of 63 and r?
7
Suppose 0 = 33*d - 157 - 437. What is the greatest common factor of d and 18?
18
Let r = -5 + 8. Let l = 10 - r. Let s be 56 + 0/(-3 - -1). Calculate the highest common divisor of s and l.
7
Let p = -12 - -178. What is the highest common factor of 415 and p?
83
Suppose 4*u = -4*y - 24, -2*y + 4*u + 5 + 13 = 0. Let v be (13 - 12)/(y/(-2)). Let i be 584/16 - 1/v. Calculate the greatest common divisor of 4 and i.
4
Suppose -53 = -3*b - 5. Let s = b + -33. Let x = s - -39. Calculate the greatest common factor of x and 33.
11
Let a = 0 - -6. Let y be 1/((a/70)/(-3)). Let c = -25 - y. Calculate the highest common divisor of 2 and c.
2
Suppose 2*p - 8 = -0*p. Suppose 4*c + 6*h = h + 55, -p*c - 4*h = -56. Let y be (-32 - -122)/(-1 - 10/(-4)). What is the greatest common factor of c and y?
15
Let c(t) = t**3 - 7*t**2 + 13*t - 5. Let i be c(5). Let z be 4/(4/(-48)*-4). Suppose -324 = -z*j + i*j. What is the greatest common divisor of 18 and j?
18
Let g(u) = -u**3 + u**2 + u + 5. Let q be g(0). Let k = q - 4. Let x be (-123)/(-6) - k/(-2). Calculate the greatest common divisor of x and 168.
21
Let g(x) = -5*x**2 - 8*x + 2. Let d be g(3). Let r = d - -70. Calculate the greatest common divisor of r and 2.
1
Let d(u) = 126*u**3 - 4*u + 4. Let q be d(1). Calculate the highest common divisor of 567 and q.
63
Suppose -3*h = -3*g + 503 + 586, 3*g + 4*h - 1124 = 0. What is the highest common divisor of g and 4?
4
Let j(k) = -k**3 - k**2 - 3*k + 1. Let w be j(-3). Let z = 78 - w. Suppose 5*r - 115 = z. What is the highest common divisor of 22 and r?
11
Let l(g) = 12*g**2 - 4*g + 4. Let a(u) = u**2 + 18*u + 18. Let m be a(-17). Let d be l(m). Calculate the greatest common divisor of 12 and d.
12
Let q be 4/(((-15)/6)/(-5)). Let p = 12 - q. Suppose p*w - x - 92 = 0, 2*w + 5*x = 3*w - 42. Calculate the highest common factor of 22 and w.
22
Suppose 60*f - 89 - 151 = 0. Calculate the highest common divisor of 440 and f.
4
Let k = 121 + -117. Suppose 5*p = -2*h + 497, -h - 1268 = -6*h - k*p. Calculate the highest common factor of 32 and h.
32
Suppose -3*h - 132 = -4*k - 7*h, 131 = 4*k + 5*h. Calculate the greatest common factor of k and 153.
17
Let x = -578 + 722. What is the greatest common divisor of 342 and x?
18
Let v be 2*3/3 - -198. Suppose -3*t + 2*a = 198 - 798, -v = -t + 2*a. Let f be (-8)/10*t/(-16). What is the highest common factor of f and 4?
2
Let y(b) = 5*b**2 + 3*b + 3. Let p be y(-2). Let a = 17 - 27. Let q be a*(-3 - (-44)/(-8)). Calculate the greatest common divisor of q and p.
17
Let s = 323 - 317. Calculate the greatest common factor of s and 21.
3
Let o(a) = 8*a + 55. Let w be o(-7). Let b(c) = -10*c - 1. Let h be b(w). What is the highest common factor of h and 9?
9
Let l = 13 + -16. Let n be 0*(-2 + l/(-2)). Suppose -2*v + 479 - 111 = n. Calculate the highest common factor of 23 and v.
23
Let s be (3 + -2)*3 - -580. Calculate the greatest common factor of s and 53.
53
Suppose -19*u + 26*u - 91 = 0. Let l(c) = 14*c**3 + 34*c**3 + c**2 - 1 + c + 68*c**3. Let k be l(1). Calculate the highest common factor of k and u.
13
Suppose 0 = -9*h + 2*h + 133. Let m = h + 53. Calculate the highest common factor of 24 and m.
24
Let d(x) = -8*x + 150. Let p be d(8). What is the highest common factor of p and 215?
43
Suppose 0*y + 6 = 3*y. Suppose 0 = 5*o + y*a - 40, -3*a - 5 - 3 = -o. Calculate the greatest common divisor of o and 72.
8
Let d be -2 + 2/5*5. Suppose -2*v + 4*v = d. Let z be 75 - v/(8/4). Calculate the greatest common divisor of z and 15.
15
Let a(y) = -2*y + 8. Suppose -3*w + 5*w = 3*b - 2, b = 3*w - 11. Let p be a(b). Suppose 6*r - 5*r - 57 = p. Calculate the highest common factor of 19 and r.
19
Let c be (1 - 3)*((-6)/(-4) + -3). Suppose 20 = c*p + 5*j, -5*j = -5*p + 4*p. What is the greatest common factor of p and 5?
5
Suppose -4*q + 4532 + 328 = 0. What is the highest common factor of q and 5?
5
Suppose -4*c + 7*c - 168 = -3*i, -124 = -2*c + i. Suppose -59*z + 64*z = 450. Calculate the greatest common divisor of z and c.
30
Let b(y) = 2*y**2 + y - 6. Let w be b(6). Let z be 0 + 2 - (-6 + 4). Suppose -z*c - 2 = -38. Calculate the greatest common factor of c and w.
9
Let h = 29 - 13. What is the highest common divisor of h and 400?
16
Suppose 4*y = 79 - 19. Suppose 0 = -l - 109 + 96. Let b = 2 - l. What is the highest common divisor of y and b?
15
Suppose 169*z = 163*z + 390. Let a(o) = o**2 - 3*o - 5. Let p be a(5). Calculate the greatest common factor of p and z.
5
Let a(l) = l**2 - l - 17. Suppose 18 - 6 = 2*s. Let v be a(s). What is t